{"id":1986,"date":"2022-05-13T14:34:17","date_gmt":"2022-05-13T12:34:17","guid":{"rendered":"https:\/\/dohrmann.ag\/dohrmann\/?page_id=1986"},"modified":"2022-08-24T09:38:29","modified_gmt":"2022-08-24T07:38:29","slug":"charity","status":"publish","type":"page","link":"https:\/\/dohrmann.ag\/dohrmann\/charity\/","title":{"rendered":"CHARITY"},"content":{"rendered":"<p>[vc_row bg_type=&#8220;bg_color&#8220; bg_override=&#8220;browser_size&#8220;][vc_column]\n\t\t\t<!-- START CHARITY REVOLUTION SLIDER 6.4.11 --><p class=\"rs-p-wp-fix\"><\/p>\n\t\t\t<rs-module-wrap id=\"rev_slider_15_1_wrapper\" data-source=\"gallery\" style=\"background:#161616;padding:0;\">\n\t\t\t\t<rs-module id=\"rev_slider_15_1\" style=\"\" data-version=\"6.4.11\">\n\t\t\t\t\t<rs-slides>\n\t\t\t\t\t\t<rs-slide data-key=\"rs-25\" data-title=\"Creative\" data-anim=\"ms:2300;p:dark;\" data-in=\"o:0;\" data-out=\"o:0;\" data-p1=\"01\">\n\t\t\t\t\t\t\t<img loading=\"lazy\" decoding=\"async\" src=\"\/\/dohrmann.ag\/dohrmann\/wp-content\/uploads\/2022\/05\/Lending-a-helping-hand.jpg\" title=\"Lending-a-helping-hand\" width=\"1920\" height=\"1285\" class=\"rev-slidebg tp-rs-img\" data-parallax=\"3\" data-no-retina>\n<!--\n\t\t\t\t\t\t\t--><a\n\t\t\t\t\t\t\t\tid=\"slider-15-slide-25-layer-0\" \n\t\t\t\t\t\t\t\tclass=\"rs-layer rev-scroll-btn rev-b-span-light\"\n\t\t\t\t\t\t\t\thref=\"#content\" target=\"_self\"\n\t\t\t\t\t\t\t\tdata-type=\"button\"\n\t\t\t\t\t\t\t\tdata-color=\"#f59c00\"\n\t\t\t\t\t\t\t\tdata-rsp_ch=\"on\"\n\t\t\t\t\t\t\t\tdata-xy=\"x:c;y:b;yo:100px,82px,62px,38px;\"\n\t\t\t\t\t\t\t\tdata-text=\"w:normal;s:17,14,10,6;l:20,16,12,7;ls:1,0,0,0;\"\n\t\t\t\t\t\t\t\tdata-dim=\"w:35px,28px,21px,12px;h:55px,45px,34px,20px;minw:35px,none,none,none;minh:55px,none,none,none;\"\n\t\t\t\t\t\t\t\tdata-padding=\"t:22,18,14,9;r:14,12,9,6;b:22,18,14,9;l:14,12,9,6;\"\n\t\t\t\t\t\t\t\tdata-border=\"bos:solid;boc:rgba(245, 156, 0, 0.75);bow:3px,3px,3px,3px;bor:23px,23px,23px,23px;\"\n\t\t\t\t\t\t\t\tdata-frame_999=\"o:0;st:w;\"\n\t\t\t\t\t\t\t\tstyle=\"z-index:9;font-family:Roboto;text-transform:uppercase;\"\n\t\t\t\t\t\t\t><span><\/span><span><\/span><span><\/span> \n\t\t\t\t\t\t\t<\/a><!--\n\n\t\t\t\t\t\t\t--><rs-layer\n\t\t\t\t\t\t\t\tid=\"slider-15-slide-25-layer-1\" \n\t\t\t\t\t\t\t\tclass=\"tp-shape tp-shapewrapper rs-pxl-tobggroup\"\n\t\t\t\t\t\t\t\tdata-type=\"shape\"\n\t\t\t\t\t\t\t\tdata-xy=\"x:c;y:m;\"\n\t\t\t\t\t\t\t\tdata-text=\"fw:100,100,400,400;\"\n\t\t\t\t\t\t\t\tdata-dim=\"w:100%;h:100%;\"\n\t\t\t\t\t\t\t\tdata-basealign=\"slide\"\n\t\t\t\t\t\t\t\tdata-rsp_o=\"off\"\n\t\t\t\t\t\t\t\tdata-rsp_bd=\"off\"\n\t\t\t\t\t\t\t\tdata-frame_1=\"e:power2.inOut;st:150;sp:1500;sR:150;\"\n\t\t\t\t\t\t\t\tdata-frame_999=\"o:0;e:power2.inOut;st:w;sp:1500;sR:7350;\"\n\t\t\t\t\t\t\t\tstyle=\"z-index:5;background-color:rgba(16,16,16,0.55);\"\n\t\t\t\t\t\t\t> \n\t\t\t\t\t\t\t<\/rs-layer><!--\n\n\t\t\t\t\t\t\t--><rs-layer\n\t\t\t\t\t\t\t\tid=\"slider-15-slide-25-layer-2\" \n\t\t\t\t\t\t\t\tclass=\"Creative-Title rs-pxl-1\"\n\t\t\t\t\t\t\t\tdata-type=\"text\"\n\t\t\t\t\t\t\t\tdata-color=\"rgba(255, 255, 255, 1)\"\n\t\t\t\t\t\t\t\tdata-rsp_ch=\"on\"\n\t\t\t\t\t\t\t\tdata-xy=\"x:c;y:m;yo:-10px,-10px,-10px,-28px;\"\n\t\t\t\t\t\t\t\tdata-text=\"s:60,70,50,45;l:70,70,55,52;ls:5px,5px,5px,0px;a:center;\"\n\t\t\t\t\t\t\t\tdata-dim=\"w:auto,auto,auto,320px;\"\n\t\t\t\t\t\t\t\tdata-frame_0=\"y:50px;\"\n\t\t\t\t\t\t\t\tdata-frame_1=\"e:power3.out;st:2550;sp:1500;sR:2550;\"\n\t\t\t\t\t\t\t\tdata-frame_999=\"x:0;y:0;z:0;sX:0.9;sY:0.9;o:0;rX:0;rY:0;rZ:0;skX:0;skY:0;st:w;sp:1000;sR:4950;\"\n\t\t\t\t\t\t\t\tstyle=\"z-index:8;font-family:Dosis;\"\n\t\t\t\t\t\t\t>L\u00c4CHELN ANDERER \n\t\t\t\t\t\t\t<\/rs-layer><!--\n\n\t\t\t\t\t\t\t--><rs-layer\n\t\t\t\t\t\t\t\tid=\"slider-15-slide-25-layer-3\" \n\t\t\t\t\t\t\t\tclass=\"Creative-SubTitle rs-pxl-2\"\n\t\t\t\t\t\t\t\tdata-type=\"text\"\n\t\t\t\t\t\t\t\tdata-color=\"rgba(245, 156, 0, 0.8)||rgba(245, 156, 0, 0.8)||#f59c00||#f59c00\"\n\t\t\t\t\t\t\t\tdata-rsp_ch=\"on\"\n\t\t\t\t\t\t\t\tdata-xy=\"x:c;y:m;yo:-80px,-80px,-81px,-97px;\"\n\t\t\t\t\t\t\t\tdata-text=\"s:14,14,14,12;l:14,14,14,12;a:center;\"\n\t\t\t\t\t\t\t\tdata-frame_0=\"y:50px;\"\n\t\t\t\t\t\t\t\tdata-frame_1=\"e:power3.out;st:2350;sp:1500;sR:2350;\"\n\t\t\t\t\t\t\t\tdata-frame_999=\"x:0;y:0;z:0;sX:0.9;sY:0.9;o:0;rX:0;rY:0;rZ:0;skX:0;skY:0;st:w;sp:1000;sR:5150;\"\n\t\t\t\t\t\t\t\tstyle=\"z-index:7;font-family:Lato;\"\n\t\t\t\t\t\t\t>ERFOLG IST AUCH DAS \n\t\t\t\t\t\t\t<\/rs-layer><!--\n-->\t\t\t\t\t\t<\/rs-slide>\n\t\t\t\t\t<\/rs-slides>\n\t\t\t\t<\/rs-module>\n\t\t\t\t<script type=\"text\/javascript\">\n\t\t\t\t\tsetREVStartSize({c: 'rev_slider_15_1',rl:[1240,1024,778,480],el:[868,768,960,720],gw:[1240,1024,778,480],gh:[868,768,960,720],type:'standard',justify:'',layout:'fullscreen',offsetContainer:'',offset:'0px',mh:\"0\"});\n\t\t\t\t\tvar\trevapi15,\n\t\t\t\t\t\ttpj;\n\t\t\t\t\tfunction revinit_revslider151() {\n\t\t\t\t\tjQuery(function() {\n\t\t\t\t\t\ttpj = jQuery;\n\t\t\t\t\t\trevapi15 = tpj(\"#rev_slider_15_1\");\n\t\t\t\t\t\tif(revapi15==undefined || revapi15.revolution == undefined){\n\t\t\t\t\t\t\trevslider_showDoubleJqueryError(\"rev_slider_15_1\");\n\t\t\t\t\t\t}else{\n\t\t\t\t\t\t\trevapi15.revolution({\n\t\t\t\t\t\t\t\tDPR:\"dpr\",\n\t\t\t\t\t\t\t\tsliderLayout:\"fullscreen\",\n\t\t\t\t\t\t\t\tvisibilityLevels:\"1240,1024,778,480\",\n\t\t\t\t\t\t\t\tgridwidth:\"1240,1024,778,480\",\n\t\t\t\t\t\t\t\tgridheight:\"868,768,960,720\",\n\t\t\t\t\t\t\t\tperspective:600,\n\t\t\t\t\t\t\t\tperspectiveType:\"local\",\n\t\t\t\t\t\t\t\teditorheight:\"868,768,960,720\",\n\t\t\t\t\t\t\t\tresponsiveLevels:\"1240,1024,778,480\",\n\t\t\t\t\t\t\t\tfullScreenOffset:\"0px\",\n\t\t\t\t\t\t\t\tprogressBar:{disableProgressBar:true},\n\t\t\t\t\t\t\t\tnavigation: {\n\t\t\t\t\t\t\t\t\tmouseScrollNavigation:false,\n\t\t\t\t\t\t\t\t\twheelCallDelay:1000,\n\t\t\t\t\t\t\t\t\tonHoverStop:false,\n\t\t\t\t\t\t\t\t\ttouch: {\n\t\t\t\t\t\t\t\t\t\ttouchenabled:true,\n\t\t\t\t\t\t\t\t\t\tswipe_min_touches:50\n\t\t\t\t\t\t\t\t\t}\n\t\t\t\t\t\t\t\t},\n\t\t\t\t\t\t\t\tparallax: {\n\t\t\t\t\t\t\t\t\tlevels:[2,4,6,8,10,12,14,16,45,50,47,48,49,50,0,50],\n\t\t\t\t\t\t\t\t\ttype:\"3D\",\n\t\t\t\t\t\t\t\t\torigo:\"slidercenter\",\n\t\t\t\t\t\t\t\t\tspeed:1000,\n\t\t\t\t\t\t\t\t\tddd_bgfreeze:true,\n\t\t\t\t\t\t\t\t\tddd_overflow:\"hidden\",\n\t\t\t\t\t\t\t\t\tddd_z_correction:100\n\t\t\t\t\t\t\t\t},\n\t\t\t\t\t\t\t\tfallbacks: {\n\t\t\t\t\t\t\t\t\tallowHTML5AutoPlayOnAndroid:true\n\t\t\t\t\t\t\t\t},\n\t\t\t\t\t\t\t});\n\t\t\t\t\t\t}\n\t\t\t\t\t\t\n\t\t\t\t\t});\n\t\t\t\t\t} \/\/ End of RevInitScript\n\t\t\t\tvar once_revslider151 = false;\n\t\t\t\tif (document.readyState === \"loading\") {document.addEventListener('readystatechange',function() { if((document.readyState === \"interactive\" || document.readyState === \"complete\") && !once_revslider151 ) { once_revslider151 = true; revinit_revslider151();}});} else {once_revslider151 = true; revinit_revslider151();}\n\t\t\t\t<\/script>\n\t\t\t<\/rs-module-wrap>\n\t\t\t<!-- END REVOLUTION SLIDER -->\n[\/vc_column][\/vc_row][vc_row el_id=&#8220;content&#8220;][vc_column][vc_empty_space height=&#8220;200px&#8220;][vc_custom_heading text=&#8220;JUBIL\u00c4UMS CHARITY GALA&#8220; font_container=&#8220;tag:h2|text_align:center|color:__USE_THEME_MAIN_COLOR__&#8220; use_theme_fonts=&#8220;yes&#8220;][vc_custom_heading text=&#8220;25 JAHRE DOHRMANN&#8220; font_container=&#8220;tag:h3|font_size:20|text_align:center|color:%23000000&#8243; use_theme_fonts=&#8220;yes&#8220;][vc_empty_space height=&#8220;100px&#8220;][vc_column_text]<\/p>\n<p style=\"text-align: center;\"><em>Eva Padberg nimmt 20.000 Euro Spende f\u00fcr das Ronald McDonald Haus Berlin-Wedding entgegen<\/em><\/p>\n<p style=\"text-align: center;\"><em>Artikel und Foto &#8211; <a href=\"https:\/\/www.mcdonalds-kinderhilfe.org\/berlin-wedding\/aktuelles\/jubilaeums-fashion-party-von-ulf-dohrmann\/\" target=\"_blank\" rel=\"noopener\">Ronald McDonald Kinderhilfe<\/a><\/em><\/p>\n<p>[\/vc_column_text][vc_row_inner][vc_column_inner width=&#8220;1\/4&#8243;][vc_single_image image=&#8220;3214&#8243; img_size=&#8220;large&#8220; add_caption=&#8220;yes&#8220;][vc_empty_space height=&#8220;100px&#8220;][vc_column_text]Was f\u00fcr ein Fest! Ein riesiges Dankesch\u00f6n f\u00fcr diese unglaublich gro\u00dfe Spende.[\/vc_column_text][\/vc_column_inner][vc_column_inner width=&#8220;1\/4&#8243;][vc_column_text]Vor \u00fcber 25 Jahren er\u00f6ffnete Ulf Dohrmann sein erstes Ladenlokal in Binz. Um das Jubil\u00e4um geb\u00fchrend zu feiern, lud der Unternehmer am 2. Juli 2022 zahlreiche prominente G\u00e4ste, darunter auch Eva Padberg, Schirmherrin des Ronald McDonald Hauses Berlin-Wedding, ins Ostseebad Binz ein. An diesem Tag kam auch der Charity Gedanke nicht zu kurz.[\/vc_column_text][\/vc_column_inner][vc_column_inner width=&#8220;1\/4&#8243;][vc_column_text]Durch zahlreiche Spenden der G\u00e4ste und karitative Auktionen ist im Laufe des Abends eine stolze Summe angewachsen. Vor traumhafter Kulisse bekam Eva Padberg auf der Seebr\u00fccke Binz einen Spendenscheck \u00fcber ganze 20.000 Euro von Ulf Dohrmann f\u00fcr ihr Ronald McDonald Haus Berlin-Wedding \u00fcberreicht. Dar\u00fcber hinaus konnten sich auch regionale F\u00f6rderprojekte \u00fcber weitere Spenden freuen. Unfassbar![\/vc_column_text][\/vc_column_inner][vc_column_inner width=&#8220;1\/4&#8243;][vc_column_text]Eva Padberg dankte dem Veranstalter und allen G\u00e4sten von Herzen f\u00fcr diese Unterst\u00fctzung. &gt;Ich freue mich so sehr \u00fcber die Spendensumme, die an diesem Abend f\u00fcr das Ronald McDonald Haus in Berlin-Wedding zusammen gekommen ist. F\u00fcr die Familien ist das Haus eine echte Oase, dort k\u00f6nnen sie vom Klinikalltag abschalten und am n\u00e4chsten Tag wieder mit voller Kraft f\u00fcr die kleinen Patienten da sein. <em>Das Haus finanziert sich gro\u00dfteils aus Spenden, deshalb bin ich sehr dankbar f\u00fcr diese tolle Summe!<\/em>, so Eva Padberg.[\/vc_column_text][\/vc_column_inner][\/vc_row_inner][vc_column_text]<\/p>\n<p style=\"text-align: center;\"><em>08. Juli 2022<\/em><\/p>\n<p>[\/vc_column_text][vc_empty_space height=&#8220;100px&#8220;][\/vc_column][\/vc_row][vc_row][vc_column][vc_empty_space height=&#8220;200px&#8220;][vc_custom_heading text=&#8220;HERZENSSACHE&#8220; font_container=&#8220;tag:h2|text_align:center|color:__USE_THEME_MAIN_COLOR__&#8220; use_theme_fonts=&#8220;yes&#8220;][vc_custom_heading text=&#8220;GELD F\u00dcR KINDERHOSPITZ&#8220; font_container=&#8220;tag:h3|font_size:20|text_align:center|color:%23000000&#8243; use_theme_fonts=&#8220;yes&#8220;][vc_empty_space height=&#8220;100px&#8220;][vc_column_text]<\/p>\n<p style=\"text-align: center;\"><strong>Ulf Dohrmann ist seit 20 Jahren als Unternehmer erfolgreich. Zum Jubil\u00e4um wollte der Binzer etwas zur\u00fcckgeben.<\/strong><\/p>\n<p style=\"text-align: center;\"><em>Artikel und Foto &#8211; Gerit Herold &#8211; Ostseezeitung<\/em><\/p>\n<p>[\/vc_column_text][vc_row_inner][vc_column_inner width=&#8220;1\/4&#8243;][vc_single_image image=&#8220;1991&#8243; img_size=&#8220;large&#8220; add_caption=&#8220;yes&#8220;][vc_empty_space height=&#8220;100px&#8220;][vc_column_text]Binz. Ewald Kruschel kann es immer noch nicht glauben, als er den symbolischen Scheck in den H\u00e4nden h\u00e4lt. \u201e14 000 Euro\u201c steht darauf geschrieben. \u201eWir sind total begeistert. Das ist gro\u00dfartig, was Familie Dohrmann geleistet hat\u201c, sagt der Vorsitzende des F\u00f6rdervereins<br \/>\nKinderhospiz Leuchtturm in Greifswald ger\u00fchrt. Ulf Dohrmann, der in Binz drei Modefachgesch\u00e4fte betreibt, hatte bei seinem 20-j\u00e4hrigen Firmenjubil\u00e4um auf Blumen und Geschenke verzichtet und stattdessen Benefiz-Lose an seine 250-k\u00f6pfige G\u00e4steschar verkauft. \u201eBei Freunden gab es eine Situation mit schwerer Krankheit. Da habe ich gemerkt, wie sehr das eine Familie belastet und wie wichtig Hilfe ist.[\/vc_column_text][\/vc_column_inner][vc_column_inner width=&#8220;1\/4&#8243;][vc_column_text]Es ist so stillumsolche Projekte, deshalb war es mir eine Herzenssache, darauf aufmerksam zu machen und Geld zu sammeln\u201c, so der Unternehmer. Finanzielle und idelle Unterst\u00fctzung kann der Verein f\u00fcr seinen ambulanten Hospizdienst gut gebrauchen. 22 ehrenamtliche Familienbegleiter betreuen 16 Familien mit schwerkranken Kindern. Hinzu kommen zwei Trauerbegleitungen. Sie sind von R\u00fcgen \u00fcber Stralsund und Greifswald bis nach Usedom und der Mecklenburgischen Seenplatte unterwegs. \u201eUnser Ziel ist ein station\u00e4res Hospiz\u201c, so Kruschel. \u201eWir sind kein Ort des Sterbens. Wir sind da, damit die Betroffenen Kraft tanken k\u00f6nnen.\u201c Dass am Ende so eine gro\u00dfe Summe zusammenkommt, damit hatte selbst Ulf Dohrmann nicht gerechnet, der zu seiner exklusiven Jubil\u00e4umsparty Vertreter internationaler Modelabels, Kollegen und vor allem Stammkunden aus ganz Deutschland eingeladen hatte. Sie wurden mit drei Rolls-Royce und einem amerikanischen Schulbus zum Hotel \u201eProra Solitaire\u201c chauffiert, wo Models der Berliner Fashion Week eine Kollektion aus dem Hause Dohrmann pr\u00e4sentierten, Champagner und Sternekoch Ralf Haug f\u00fcr kulinarische Gen\u00fcsse sorgten und bis morgens zu DJ Grooves getanzt wurde. 50 Euro kostete das Los f\u00fcr den guten Zweck.[\/vc_column_text][\/vc_column_inner][vc_column_inner width=&#8220;1\/4&#8243;][vc_column_text]Drei Unternehmer gaben sogar 1500 bis 3000 Euro. \u201eWir hatten ein sehr gro\u00dfes Feedback\u201c, freut sich Ulf Dohrmann, der immer erpicht ist, dass jedes Detail perfekt ist. \u201eIch achte auf die kleinen Sachen und habe eine gro\u00dfe Zahlenaffinit\u00e4t\u201c, sagt der 43-J\u00e4hrige. Und damit ist er erfolgreich bei seinen Unternehmungen, zu denen neben den Model\u00e4den auch die Vermietung von Ferienappartements und Photovoltaikanlagen geh\u00f6ren. Au\u00dferdem investiert Dohrmann rund vier Millionen Euro in die Sanierung zweier denkmalgesch\u00fctzter H\u00e4user in Stralsund. Und als neue Herausforderung hat er gerade die Gastronomie im \u201eProra Solitaire\u201c gestartet. 1997 hat der geb\u00fcrtige Schweriner, der in Stralsund aufwuchs und mit seiner Mutter 1988 in den Westen ausreiste, seinen ersten Laden \u201eDohrmann M\u00e4nnersache\u201c er\u00f6ffnet. Da war er gerade 23 Jahre alt. Schon als Sch\u00fcler hatte er sein Verkaufstalent<br \/>\nbewiesen, als er in einem Baumarkt jobbte und dort die meisten Teichbecken an den Mann brachte. Gelernt hat er nach der Schule Chemielaborant. Sein Traumberuf war urspr\u00fcnglich aber ein ganz anderer.[\/vc_column_text][\/vc_column_inner][vc_column_inner width=&#8220;1\/4&#8243;][vc_column_text]\u201eIch wollte Jetpilot werden\u201c, lacht Dohrmann, der in seiner Jugend im Boxring stand und sich mit 18 Jahren freiwillig zur Bundeswehrmeldete. 15 Monate war er Milit\u00e4rpolizist, dann begann er eine Ausbildung zum Einzelhandelskaufmann, Fachbereich Textil, die er mit Bestnoten abschloss. Durch seine Verwandtschaft kam er inden90er Jahren zur\u00fcck nach Stralsund und schlie\u00dflich nach Binz. \u201eIch fand es gleich toll hier\u201c, so Dohrmann, der im Ostseebad seinen Platz sieht, hier mit seinen L\u00e4den zur Marke wurde. Politisch engagiert er sich seit vielen Jahren f\u00fcr den Ort. Er ist CDU-Chef und im Gemeinderat. \u201eWer meckert, muss auch machen.<br \/>\nMein Credo ist: Nicht verwalten, sondern gestalten\u201c, so Dohrmann, der Politik als \u201eschwierigstes Projekt\u201c sieht \u2013 aber Binz auf einem guten Weg. Er lebt gern hier mit seiner Familie, zu der Ehefrau Yvonn und die T\u00f6chter Anna-Maria (13) und Marie-Luise (9) geh\u00f6ren.[\/vc_column_text][\/vc_column_inner][\/vc_row_inner][vc_column_text]<\/p>\n<p style=\"text-align: center;\"><em>11. Juli 2017<\/em><\/p>\n<p>[\/vc_column_text][vc_empty_space height=&#8220;100px&#8220;][\/vc_column][\/vc_row]<\/p>\n","protected":false},"excerpt":{"rendered":"<p>[vc_row bg_type=&#8220;bg_color&#8220; bg_override=&#8220;browser_size&#8220;][vc_column][\/vc_column][\/vc_row][vc_row el_id=&#8220;content&#8220;][vc_column][vc_empty_space height=&#8220;200px&#8220;][vc_custom_heading text=&#8220;JUBIL\u00c4UMS CHARITY GALA&#8220; font_container=&#8220;tag:h2|text_align:center|color:__USE_THEME_MAIN_COLOR__&#8220; use_theme_fonts=&#8220;yes&#8220;][vc_custom_heading text=&#8220;25 JAHRE DOHRMANN&#8220; font_container=&#8220;tag:h3|font_size:20|text_align:center|color:%23000000&#8243; use_theme_fonts=&#8220;yes&#8220;][vc_empty_space height=&#8220;100px&#8220;][vc_column_text] Eva Padberg nimmt 20.000 Euro Spende f\u00fcr das Ronald McDonald Haus Berlin-Wedding entgegen Artikel und Foto &#8211; Ronald McDonald Kinderhilfe [\/vc_column_text][vc_row_inner][vc_column_inner width=&#8220;1\/4&#8243;][vc_single_image image=&#8220;3214&#8243; img_size=&#8220;large&#8220; add_caption=&#8220;yes&#8220;][vc_empty_space height=&#8220;100px&#8220;][vc_column_text]Was f\u00fcr ein Fest! Ein riesiges Dankesch\u00f6n f\u00fcr diese unglaublich gro\u00dfe Spende.[\/vc_column_text][\/vc_column_inner][vc_column_inner width=&#8220;1\/4&#8243;][vc_column_text]Vor \u00fcber [&hellip;]<\/p>\n","protected":false},"author":2,"featured_media":0,"parent":0,"menu_order":0,"comment_status":"open","ping_status":"open","template":"page.php","meta":{"footnotes":""},"class_list":["post-1986","page","type-page","status-publish","hentry"],"_links":{"self":[{"href":"https:\/\/dohrmann.ag\/dohrmann\/wp-json\/wp\/v2\/pages\/1986","targetHints":{"allow":["GET"]}}],"collection":[{"href":"https:\/\/dohrmann.ag\/dohrmann\/wp-json\/wp\/v2\/pages"}],"about":[{"href":"https:\/\/dohrmann.ag\/dohrmann\/wp-json\/wp\/v2\/types\/page"}],"author":[{"embeddable":true,"href":"https:\/\/dohrmann.ag\/dohrmann\/wp-json\/wp\/v2\/users\/2"}],"replies":[{"embeddable":true,"href":"https:\/\/dohrmann.ag\/dohrmann\/wp-json\/wp\/v2\/comments?post=1986"}],"version-history":[{"count":9,"href":"https:\/\/dohrmann.ag\/dohrmann\/wp-json\/wp\/v2\/pages\/1986\/revisions"}],"predecessor-version":[{"id":3216,"href":"https:\/\/dohrmann.ag\/dohrmann\/wp-json\/wp\/v2\/pages\/1986\/revisions\/3216"}],"wp:attachment":[{"href":"https:\/\/dohrmann.ag\/dohrmann\/wp-json\/wp\/v2\/media?parent=1986"}],"curies":[{"name":"wp","href":"https:\/\/api.w.org\/{rel}","templated":true}]}}